What is the highest common factor of 9058 and 56?
14
What is the greatest common factor of 312 and 3852?
12
What is the highest common factor of 14924 and 14391?
533
What is the greatest common factor of 2254 and 70104?
46
Calculate the greatest common factor of 1520 and 9595.
95
Calculate the greatest common factor of 6300 and 30720.
60
What is the greatest common factor of 12 and 704790?
6
Calculate the highest common factor of 708 and 1300773.
177
Calculate the highest common factor of 498736 and 146.
146
Calculate the highest common divisor of 144 and 20144.
16
What is the highest common factor of 5846 and 3002?
158
Calculate the highest common factor of 27504 and 55390.
382
Calculate the greatest common factor of 1332 and 14282.
74
Calculate the highest common divisor of 2363 and 646.
17
What is the highest common divisor of 669805 and 1090?
545
What is the greatest common divisor of 459019 and 33?
11
What is the greatest common divisor of 6048 and 798?
42
Calculate the greatest common divisor of 26112 and 1071.
51
Calculate the highest common divisor of 50224 and 80.
16
Calculate the greatest common factor of 215 and 11705.
5
Calculate the highest common factor of 471 and 31871.
157
Calculate the greatest common factor of 589872 and 192.
48
What is the greatest common factor of 2323 and 92?
23
Calculate the greatest common divisor of 216 and 31728.
24
What is the greatest common divisor of 1170 and 590?
10
What is the highest common divisor of 637 and 247?
13
Calculate the highest common factor of 81057 and 116643.
1977
Calculate the highest common factor of 80 and 71000.
40
What is the greatest common factor of 284739 and 13?
13
What is the greatest common divisor of 1547 and 14144?
221
Calculate the greatest common factor of 1087 and 1538105.
1087
What is the greatest common factor of 460 and 22660?
20
Calculate the highest common factor of 260782 and 15958.
202
Calculate the highest common divisor of 1170869 and 7.
7
Calculate the greatest common factor of 2 and 730.
2
Calculate the greatest common divisor of 17679 and 249.
249
Calculate the greatest common divisor of 9130 and 80.
10
Calculate the highest common divisor of 329 and 5579.
7
Calculate the highest common factor of 14 and 266392.
14
Calculate the highest common factor of 680 and 2025.
5
What is the greatest common divisor of 26 and 468?
26
Calculate the highest common factor of 208 and 3776.
16
Calculate the greatest common divisor of 2176 and 70720.
1088
Calculate the greatest common factor of 4038 and 12.
6
Calculate the greatest common factor of 202 and 156146.
202
Calculate the highest common factor of 9432 and 192.
24
Calculate the greatest common factor of 229 and 1933218.
229
Calculate the greatest common factor of 26 and 1267006.
26
Calculate the highest common divisor of 3256 and 13112.
88
What is the greatest common divisor of 20 and 64420?
20
Calculate the greatest common factor of 599495 and 65.
65
Calculate the highest common factor of 38399 and 559.
43
What is the highest common divisor of 114 and 2027946?
114
What is the greatest common factor of 152 and 228836?
76
What is the highest common factor of 4869 and 81?
9
What is the highest common factor of 49469 and 11137?
259
What is the greatest common divisor of 100764 and 311?
311
What is the greatest common divisor of 71 and 24353?
71
What is the greatest common divisor of 427420 and 560?
140
What is the highest common divisor of 1955 and 2567?
17
What is the highest common factor of 2361912 and 7616?
952
Calculate the greatest common divisor of 1063842 and 78.
78
Calculate the greatest common divisor of 152 and 2126062.
38
Calculate the highest common divisor of 12522463 and 19.
19
What is the highest common factor of 1500 and 1260?
60
Calculate the highest common divisor of 40 and 30320.
40
Calculate the highest common divisor of 20203 and 10502.
89
What is the highest common factor of 696 and 17208?
24
Calculate the highest common factor of 759 and 1998447.
759
Calculate the greatest common factor of 447936 and 2496.
192
Calculate the greatest common factor of 57256 and 102.
34
What is the greatest common divisor of 10670 and 110?
110
Calculate the highest common factor of 2268 and 984879.
567
What is the greatest common divisor of 847 and 5159?
77
Calculate the greatest common divisor of 4717 and 3.
1
Calculate the greatest common factor of 6579117 and 9.
9
Calculate the greatest common factor of 963 and 1878813.
963
Calculate the greatest common divisor of 9 and 58227.
3
What is the greatest common factor of 2510 and 4609615?
1255
What is the greatest common divisor of 79245 and 315?
45
What is the highest common divisor of 409607 and 46?
23
Calculate the highest common factor of 40 and 600220.
20
Calculate the highest common factor of 3584 and 34412.
28
What is the highest common divisor of 234 and 189?
9
What is the greatest common divisor of 6024 and 172437?
753
Calculate the highest common factor of 205801 and 131.
131
Calculate the greatest common divisor of 1520 and 285.
95
What is the greatest common factor of 865621 and 551?
551
Calculate the greatest common factor of 31612139 and 13.
13
Calculate the greatest common factor of 96739 and 8.
1
Calculate the highest common divisor of 29168 and 32.
16
What is the greatest common divisor of 128 and 4749376?
64
What is the greatest common factor of 110 and 2103310?
110
What is the highest common divisor of 378 and 39942?
126
What is the greatest common factor of 115800 and 3750?
150
Calculate the greatest common divisor of 2907 and 72.
9
Calculate the highest common factor of 936 and 90272.
104
Calculate the greatest common factor of 248 and 29168.
8
Calculate the greatest common factor of 236405 and 156.
13
What is the greatest common divisor of 244912 and 16?
16
Calculate the highest common divisor of 14329 and 4361.
623
What is the greatest common factor of 1525 and 1281?
61
Calculate the greatest common divisor of 255 and 2822340.
255
Calculate the greatest common divisor of 465 and 748030.
155
Calculate the greatest common divisor of 1185 and 22989.
237
Calculate the greatest common divisor of 762300 and 156.
12
Calculate the greatest common factor of 16 and 1652248.
8
What is the highest common divisor of 1 and 10910?
1
What is the highest common divisor of 2552 and 180612?
116
What is the highest common divisor of 931291 and 1143?
127
What is the greatest common divisor of 25 and 58505?
5
Calculate the greatest common divisor of 20090 and 82.
82
Calculate the greatest common divisor of 5603 and 208.
13
What is the greatest common factor of 35263 and 26792?
197
What is the highest common divisor of 3 and 123?
3
What is the highest common divisor of 4922 and 253?
23
What is the highest common factor of 4972810 and 10?
10
Calculate the highest common factor of 27140 and 18860.
460
What is the greatest common divisor of 484360 and 140?
20
What is the highest common divisor of 51 and 4881?
3
What is the greatest common divisor of 14 and 1844?
2
What is the greatest common factor of 137240 and 376?
376
What is the highest common factor of 184730 and 1813?
49
What is the greatest common factor of 6660 and 132645?
555
Calculate the highest common divisor of 72 and 7596180.
36
Calculate the highest common divisor of 635 and 65.
5
Calculate the highest common divisor of 32 and 49724.
4
What is the highest common divisor of 1683 and 289?
17
Calculate the greatest common factor of 9695 and 74513.
277
Calculate the highest common divisor of 88801 and 7.
1
Calculate the greatest common factor of 1502 and 217039.
751
Calculate the greatest common factor of 2330 and 1110.
10
Calculate the greatest common factor of 21831 and 133.
19
What is the highest common divisor of 68843 and 7181?
43
Calculate the highest common factor of 21253 and 1203.
401
Calculate the highest common factor of 60830 and 1078.
154
What is the greatest common divisor of 8 and 3986?
2
What is the highest common divisor of 741353 and 17?
17
Calculate the highest common factor of 352 and 40056.
8
Calculate the greatest common divisor of 332 and 292907.
83
Calculate the greatest common factor of 3950 and 531038.
158
Calculate the highest common factor of 7 and 2194801.
7
Calculate the g